me factors of 7638486?
2, 3, 151, 8431
List the prime factors of 213924.
2, 3, 17827
List the prime factors of 2620174.
2, 1310087
What are the prime factors of 1896128?
2, 13, 43, 53
What are the prime factors of 520359?
3, 7, 71, 349
What are the prime factors of 182396?
2, 45599
List the prime factors of 536.
2, 67
List the prime factors of 12021310.
2, 5, 7, 171733
List the prime factors of 140048.
2, 8753
What are the prime factors of 1627771?
1627771
What are the prime factors of 2318815?
5, 463763
List the prime factors of 2706877.
761, 3557
List the prime factors of 637159.
29, 127, 173
What are the prime factors of 1305886?
2, 652943
What are the prime factors of 6523175?
5, 19, 31, 443
List the prime factors of 977872.
2, 7, 8731
What are the prime factors of 1697819?
37, 45887
What are the prime factors of 511446?
2, 3, 13, 79, 83
List the prime factors of 1127879.
179, 6301
List the prime factors of 1401203.
1401203
What are the prime factors of 3676014?
2, 3, 443, 461
What are the prime factors of 20290654?
2, 41, 97, 2551
What are the prime factors of 11296752?
2, 3, 235349
What are the prime factors of 108271?
108271
List the prime factors of 1034066.
2, 11, 4273
List the prime factors of 280707.
3, 7, 13367
What are the prime factors of 1294261?
17, 19, 4007
List the prime factors of 1246452.
2, 3, 241, 431
What are the prime factors of 1815960?
2, 3, 5, 37, 409
What are the prime factors of 134103?
3, 44701
What are the prime factors of 800805?
3, 5, 197, 271
What are the prime factors of 1905447?
3, 635149
List the prime factors of 120927.
3, 173, 233
What are the prime factors of 572821?
572821
What are the prime factors of 442832?
2, 13, 2129
List the prime factors of 10761831.
3, 1195759
List the prime factors of 26051766.
2, 3, 13, 333997
What are the prime factors of 600769?
13, 37, 1249
List the prime factors of 2389820.
2, 5, 19, 331
List the prime factors of 377543.
377543
List the prime factors of 54766.
2, 139, 197
What are the prime factors of 59559?
3, 19853
What are the prime factors of 159869?
159869
What are the prime factors of 7354?
2, 3677
What are the prime factors of 129459?
3, 11, 3923
What are the prime factors of 22935364?
2, 823, 6967
What are the prime factors of 11603055?
3, 5, 773537
List the prime factors of 5744347.
7, 83, 9887
What are the prime factors of 215967?
3, 193, 373
List the prime factors of 343705.
5, 53, 1297
What are the prime factors of 1064019?
3, 11, 19, 1697
List the prime factors of 2152275.
3, 5, 28697
What are the prime factors of 501484?
2, 125371
List the prime factors of 1780837.
1780837
What are the prime factors of 2896906?
2, 1448453
List the prime factors of 1500192.
2, 3, 5209
What are the prime factors of 480933?
3, 53437
What are the prime factors of 7172722?
2, 1319, 2719
What are the prime factors of 1373426?
2, 347, 1979
What are the prime factors of 624580?
2, 5, 11, 17, 167
List the prime factors of 4305560.
2, 5, 7, 15377
List the prime factors of 191602.
2, 95801
List the prime factors of 934038.
2, 3, 7, 353
What are the prime factors of 12115770?
2, 3, 5, 251, 1609
List the prime factors of 30412059.
3, 2293, 4421
List the prime factors of 253295.
5, 7, 7237
List the prime factors of 1384847.
1384847
List the prime factors of 5129314.
2, 2564657
What are the prime factors of 4548248?
2, 17, 53, 631
What are the prime factors of 5045105?
5, 13, 77617
List the prime factors of 6524262.
2, 3, 362459
What are the prime factors of 273625?
5, 11, 199
List the prime factors of 211933.
211933
What are the prime factors of 16304?
2, 1019
List the prime factors of 2499239.
37, 67547
What are the prime factors of 1307373?
3, 263, 1657
What are the prime factors of 302993?
19, 37, 431
What are the prime factors of 574679?
7, 53, 1549
What are the prime factors of 1192147?
11, 108377
What are the prime factors of 381419?
381419
List the prime factors of 12230759.
59, 207301
What are the prime factors of 7300111?
7, 13, 80221
List the prime factors of 2889827.
163, 17729
What are the prime factors of 2327573?
31, 75083
What are the prime factors of 154034?
2, 77017
List the prime factors of 3760600.
2, 5, 18803
What are the prime factors of 14930385?
3, 5, 557, 1787
What are the prime factors of 216894?
2, 3, 37, 977
What are the prime factors of 276947?
11, 17, 1481
What are the prime factors of 4801434?
2, 3, 11, 23, 3163
List the prime factors of 6146146.
2, 17, 41, 4409
What are the prime factors of 480624?
2, 3, 17, 19, 31
List the prime factors of 318691.
318691
List the prime factors of 88132.
2, 11, 2003
List the prime factors of 377248.
2, 11789
What are the prime factors of 1416663?
3, 71, 739
List the prime factors of 163915.
5, 32783
What are the prime factors of 612706?
2, 83, 3691
List the prime factors of 5319496.
2, 7, 13, 7307
What are the prime factors of 638857?
638857
List the prime factors of 958837.
11, 67, 1301
What are the prime factors of 1301081?
1301081
What are the prime factors of 8510078?
2, 4255039
What are the prime factors of 758861?
227, 3343
List the prime factors of 13331191.
23, 41, 67, 211
What are the prime factors of 9744504?
2, 3, 7, 11, 5273
List the prime factors of 500771.
619, 809
List the prime factors of 6498458.
2, 37, 137, 641
List the prime factors of 681457.
7, 67, 1453
List the prime factors of 693073.
17, 59, 691
What are the prime factors of 1187019?
3, 131891
List the prime factors of 198793.
7, 4057
List the prime factors of 9226755.
3, 5, 379, 541
List the prime factors of 1128208.
2, 107, 659
List the prime factors of 14793095.
5, 53, 55823
What are the prime factors of 5112950?
2, 5, 102259
List the prime factors of 916927.
11, 83357
What are the prime factors of 17919881?
7, 2559983
List the prime factors of 12066.
2, 3, 2011
List the prime factors of 90137.
23, 3919
What are the prime factors of 1248400?
2, 5, 3121
What are the prime factors of 40926371?
40926371
List the prime factors of 2778926.
2, 463, 3001
List the prime factors of 317037.
3, 7, 31, 487
List the prime factors of 358621.
71, 5051
List the prime factors of 1902866.
2, 7, 19417
What are the prime factors of 12698583?
3, 1249, 3389
What are the prime factors of 1200935?
5, 181, 1327
What are the prime factors of 2191326?
2, 3, 521, 701
List the prime factors of 5164044.
2, 3, 157, 2741
List the prime factors of 591605.
5, 7, 16903
List the prime factors of 4415694.
2, 3, 735949
What are the prime factors of 32987865?
3, 5, 23, 95617
What are the prime factors of 109356?
2, 3, 13, 701
List the prime factors of 299799.
3, 33311
List the prime factors of 28838617.
113, 255209
What are the prime factors of 1464158?
2, 732079
List the prime factors of 8853183.
3, 19, 23, 2251
What are the prime factors of 586814?
2, 59, 4973
What are the prime factors of 58773?
3, 11, 13, 137
What are the prime factors of 6102619?
6102619
What are the prime factors of 482126?
2, 23, 47, 223
List the prime factors of 308524.
2, 137, 563
What are the prime factors of 317669?
11, 28879
What are the prime factors of 16710268?
2, 739, 5653
List the prime factors of 9866525.
5, 29, 31, 439
What are the prime factors of 349514?
2, 11, 15887
What are the prime factors of 331361?
23, 14407
What are the prime factors of 2814832?
2, 23, 7649
List the prime factors of 5191916.
2, 1297979
List the prime factors of 626320.
2, 5, 7829
List the prime factors of 6122189.
53, 115513
What are the prime factors of 109537?
109537
What are the prime factors of 2456909?
7, 13, 19, 29
What are the prime factors of 903591?
3, 13, 7723
List the prime factors of 295367.
43, 6869
List the prime factors of 48109.
48109
List the prime factors of 16524855.
3, 5, 367219
What are the prime factors of 33842610?
2, 3, 5, 19, 733
What are the prime factors of 278355?
3, 5, 7, 11, 241
What are the prime factors of 16254265?
5, 3250853
List the prime factors of 273146.
2, 136573
List the prime factors of 282602.
2, 141301
List the prime factors of 57789.
3, 6421
List the prime factors of 28063405.
5, 139, 149, 271
What are the prime factors of 4560558?
2, 3, 760093
List the prime factors of 264770.
2, 5, 11, 29, 83
List the prime factors of 2070287.
2070287
List the prime factors of 1005343.
29, 346